11 + -8 + 1).
0
Evaluate (14 - (1 + 1)) + 24 + -35.
1
5 - 4 - (-7 + 6 - (-9 - -3))
-4
Evaluate (20 - (11 - (6 + -6))) + -6.
3
Calculate 3 + (25 - 17) + -13.
-2
What is the value of -14 + (0 - (-6 - -8)) + 9?
-7
Evaluate 30 - (-19 - (-21 + -2)).
26
-1 + 10 + (95 - 110)
-6
What is the value of 0 + 5 + (-12 - (-14 - -3))?
4
What is ((8 - 2) + 2 - 5) + 5 + 4?
12
Evaluate -2 + 9 + (-1 - 20) + -8 + 9.
-13
Calculate (-24 - -1) + 3 + -30 + -11 + 42.
-19
Calculate 153 + -121 + (-14 - -3).
21
Calculate 19 + -2 + 18 + -30.
5
What is 7 + (8 - (6 + -2 - 7) - -4)?
22
What is -5 + 0 + (5 - 3) - (-1 + -6)?
4
-2 + (1 - 5 - (-24 + 24 + -2))
-4
What is 24 + -26 + -17 + 22?
3
What is the value of 14 + (-10 - (-11 - -1 - -5))?
9
What is 161 - 157 - (-7 + -2)?
13
(11 - 10) + 5 + -3 + 0
3
Calculate (1 + -5 - -14) + -12.
-2
What is 6588 + -6581 + 4 + 0 + -1?
10
-5 + -21 + 11 + 12 - (-9 + -1)
7
Calculate 0 + 1 + (-16 - ((-5 - -9) + -11)).
-8
Calculate 24 - (11 - (0 + 3 + -3) - 4).
17
14 - (-23 + 5 - -22)
10
What is the value of (-52 - -56) + (-1 - -9) - -2?
14
Evaluate -3 - (-15 - (-3 + -1) - -8).
0
Evaluate 0 - 4 - (3 + -7) - 2.
-2
Calculate -34 - -32 - 18 - -25.
5
What is the value of (2 - (-2 - -4 - 0)) + 157 + -152?
5
Evaluate -42 - (-37 + 17 - 22).
0
249 + -230 + (-4 - 5)
10
Calculate (-3 - (19 - 9)) + 30.
17
Calculate (5 - (0 - 1 - -2)) + (7377 - 7416).
-35
6 - 0 - 20 - 2
-16
What is the value of -33 + (-13 - -18) - -22?
-6
What is -7 + (21 + -9 - 6 - -3) - -5?
7
What is the value of -3 - (1 - 0) - (-405 + 404)?
-3
What is 7 - (-4 + 7) - (2 + -2) - -5?
9
What is the value of 36 - 55 - (-10 + -1)?
-8
What is -2 - 4 - (-12 - -6) - (13 + -11)?
-2
Calculate -105 + 129 + (-3 - 12) + (4 - 1).
12
What is the value of (1 - 1) + (-113 - -122) + -12?
-3
What is the value of -136 - -93 - (-6 + (5 - 11))?
-31
What is the value of (-7 - -13) + -17 - -9?
-2
What is the value of -4 + 3 + 0 - (4 - 16)?
11
9 - (0 + 5 + 19 + -5)
-10
Calculate 5 + 8 + -11 + 0 + 3 + -1.
4
What is the value of 9 + -39 + 2 + -3 - (24 + -32)?
-23
What is the value of -1 - -6 - (8 - (-34 + 15 - -13))?
-9
Evaluate -10 - 1 - (24 - 15 - 21).
1
Calculate -7 - (4 + (1 - (5 - -3))).
-4
What is the value of -17 - -1 - -5 - (6 + -3)?
-14
What is (-3 - 6) + -4 + 5 - (-29 - -5)?
16
(1 + 5 - (3 + -2)) + -503 + 506
8
Evaluate 4 - ((1 - -18) + 9 + -13).
-11
Evaluate -14 - (5 + -3 - 3).
-13
Calculate (-219 - -230 - (-2 - -29)) + 38.
22
What is the value of 12 - (2 - -2) - (-7 + (-5 - -2))?
18
Evaluate 0 - 7 - (-42 + 41) - -20.
14
What is the value of (-1 - -3) + (43 - (71 + -30))?
4
What is the value of 8 - (-19 - -6 - -24)?
-3
What is the value of -9 + (0 - -19) + -6 + 3 + -5?
2
(-1 - 6) + 2 + -22 + -8 + 26
-9
What is the value of -12 + (-22 - -30) + -7?
-11
Evaluate 21 + (-9 + -2 + 19 - (14 - 4)).
19
(12 - (17 + 13)) + -3
-21
(-14 - -22) + -25 - -19
2
Calculate -34 + (17 - -35) + -27 - (-1 + 0).
-8
What is 0 + 18 - (5 - (-3 - -18 - 9))?
19
What is the value of 13 + 19 + -15 - (14 + -7) - -8?
18
What is -15 - (-36 - (-3 + -3 + 17))?
32
What is 2 + 1 + 2 + -2?
3
What is -13 + (-14 - -44) + -1 + -53?
-37
Evaluate -202 + 201 - ((2 - -3) + 1 + -3).
-4
(1 + -9 - -31) + -17
6
Evaluate 9 + -33 + 5 + 20.
1
Evaluate 1 - (-3 + -4) - (32 - 17).
-7
Evaluate (27 + -14 - 18) + 25.
20
What is (-6 - (1 - (-2 + 11))) + 36 + -22?
16
Evaluate -8 + (-4 - -6) + 6 + (3 - 0).
3
What is -20 - -5 - 1 - (-12 + 8)?
-12
Calculate (-2 - -6) + 2 + (12 - 11).
7
Evaluate 54 + (-42 - -17) - 43.
-14
Calculate -16 - (-38 + 24 + 5).
-7
Calculate (0 - 54) + 56 + (-2 - 0) + 8.
8
11 + (0 - 10) + (1 + -1 - -3)
4
What is -26 - (48 + -18 + -30)?
-26
What is (-7 - (18 - 9) - -9) + -1?
-8
What is (12 - 0) + -2 + -5?
5
What is the value of -4 - (-5 + 17 - 14)?
-2
Calculate 5 + 2 + 7 + -9 + -3 - -1.
3
Evaluate (1 - 0) + (-87 - -76).
-10
Evaluate 15 + 6 + -42 + 19.
-2
Calculate 38 + -18 + (34 - 25).
29
-22 + 5 + 40 + -30
-7
93 - 112 - (4 - 6)
-17
Calculate -25 + -13 + 76 + -45.
-7
What is the value of (-2 - -9) + (-10 - -5)?
2
Calculate -3 - 0 - (6 + -10) - (-2 + -5).
8
Calculate 3 + -11 + 27 + -24.
-5
Calculate (0 - -6 - 4) + -9 + 3 + 2.
-2
What is -8 - (0 - (-9 - -6) - 1)?
-10
Calculate (21 - (-2 - 14)) + (-4 - (-12 - -6)).
39
What is (-33 - 16) + (-13 - -33)?
-29
Evaluate (-108 - (24 - 107)) + 2 + -15 + 2.
-36
29 - 29 - (0 + 2 - 9)
7
14 - 2 - ((25 - 41) + 48)
-20
What is -7 + -3 + 42 + -10 - 7?
15
Calculate 2 - -1 - (-10 + 3 + 5).
5
(2 - -2) + -21 + (-24 - -41)
0
-8 + -1 + 35 - (0 + 0 + -4)
30
Evaluate (56 + -17 - -29) + -35.
33
What is the value of 0 + 4 + 6 + (-9 - 7)?
-6
What is 14 + (7 - (4 - 1) - 2)?
16
-36 - -27 - (-11 + 1)
1
-562 - -567 - (-1 - -2 - 1)
5
(-4620 - -4604) + (7 + -1 - -1 - 1)
-10
26 + -40 - 6 - -6
-14
Calculate 3 + 7 + 3 - (3 + -1 - 1).
12
What is (-13 - 19) + 16 + 39?
23
(17 - 35 - -4) + -3
-17
Calculate -10 + -18 - (-7 - 7).
-14
What is the value of 20 - (24 + 57 + -29)?
-32
Evaluate (-7 - -3) + (8 - -6) + -1.
9
Evaluate -8 - (8 - (7 - (0 + 14 + -7))).
-16
Evaluate 9 + -1 + (59 - 65).
2
What is 12 + (12 - -1 - 7) + -8?
10
-26 + (-11 + 30 - 13)
-20
What is (-2 - (-9 - (-6 + 3))) + -12 + -7?
-15
What is (5 - 27) + 27 + 3?
8
What is the value of 29 + ((-3 - (12 - 8)) + 5 - 5)?
22
Evaluate -26 + (-11 - -25 - 5).
-17
What is the value of -34 - (-10 + 24 + -21)?
-27
Calculate 11 - (14 + 0 + -3) - -4.
4
What is (18 + -1 - 9) + 8 - 4?
12
9 - -4 - (-10 + 13 + -11 + 1)
20
Evaluate (17 - 12) + -6 - (7 - 5) - -9.
6
Calculate -27 - (1 + -10) - -15.
-3
What is the value of 11 - (9 + -11 - -12)?
1
What is 45 + -57 - (3 + -3 - 8)?
-4
Calculate -2 + -1 + 0 + 10 - -3.
10
Calculate 1 + (-8 - (-3 - -4)) + 13.
5
Calculate (28 - 10) + 0 + (17 - -1).
36
What is the value of 226 - 193 - (2 - -6)?
25
Calculate -17 - -21 - (-27 - -43).
-12
-33 + 68 + (5 - 31)
9
What is 1 + -5 - (-7 - -17 - 10)?
-4
Evaluate -34 - (-16 - 10) - (2 - 15).
5
(-74 - -73) + -7 + (-2 - -1) + 1
-8
Calculate -25 + 26 + 6 + -1 - (4 + -6).
8
What is the value of (-30 - -43 - 13) + -26?
-26
Evaluate 26 - -8 - (18 + 8).
8
Evaluate 13 - (30 - 14) - (0 - 2) - 1.
-2
-20 - (-8 + (12 - 16) + -3)
-5
What is 30 + -30 - (3 - 14)?
11
Calculate 2 - (-16 + 0 + 59 + -51).
10
(16 + (-15 - -7) - 17) + 6 - 5
-8
Calculate ((-3 - -2 - 6) + -4 - -7) + 13.
9
What is (-9 - 0) + -2 + 5 - (6 + -14)?
2
-9 + 4 + 9 + -7
-3
What is (19 - 12) + (7 - (8 - -12))?
-6
Evaluate 3 + 2 - (35 + -37) - 11.
-4
Calculate -4 + 2 + 1 + 25.
24
What is (-23 - -11) + 8 + -29 + 5?
-28
Evaluate -22 + 14 + (1 - -12) - (1 + 8).
-4
Calculate 0 - (123 - 120 - (-2 + 4 - 34)).
-35
Calculate (10 - 9) + (5 - 9) - (-16 + 23).
-10
Evaluate 10 + 2 - -3 - 2.
13
What is the value of -8 - -1 - (-20 + (18 - 3)) - 4?
-6
What is -6 + (6 - (9 + -4 - -7))?
-12
Evaluate 33 + -14 + -27 - 4.
-12
Evaluate 32 + (-4 - (1 + 8)).
19
Calculate (4 - 19) + (14 - 2).
-3
Calculate -3 - (4 + 5 + 18 - 7).
-23
-2 + (27 - (6 + 45))
-26
What is the value of -16 + (14 - (13 - 13))?
-2
What is (-1 - -2) + (-27 - (17 + -45))?
2
-19 - (-5 + -20 + -16)
22
10 + 0 + -8 - (2 - 3) - -8
11
Evaluate 5 - ((-12 - -11) + 4) - (-13 + 1).
14
-19 - (-25 - 7 - -42)
-29
What is -14 + 3 - 0 - -2?
-9
-25 + 9 - (-19 + 14) - 10
-21
What is the value of 13 - (3 - (-32 + 19))?
-3
What is the value of 4 - ((0 + -3 - -7) + (-20 - -11))?
9
1 - (5 - (2 - 5 - -4))
-3
What is the value of -6 - ((-15 - -22 - (0 + 1)) + -1)?
-11
What is -11 + -1 + -12 + -1?
-25
What is 17 + -6 - 22 - -13?
2
Calculate (132 - 135) + 3 + -1.
-1
Evaluate 4 + ((5 - 2) + 1 - 6) + -4.
-2
What is the value of -24 + 3 + 4 + 45 + -6?
22
What is the value of -3 + 13 + 5 + -2 + -17 + 17?
13
5 + (-1 - 0) + (-132 - -126)
-2
10 + 14 + -10 + (11 - 21)
4
Calculate -1 - 2 - ((11 - 7) + -10 - 1).
4
-37 + 0 + 4 + 22
-11
Calculate -18 + 8 - (1 - (6 - 15)).
-20
What is -1 + 129 + -148 + 4 + 1?
-15
Calculate (-248 - -236) + -2 + -11 + -2.
-27
Evaluate (0 - -18 - (8 - 6 - 0)) + -6.
10
Evaluate 8 + (-19 - (7 + -6)) + 1 + -1.
-12
What is 266 + -272 - (-2 + (2 - (2 - 3)))?
-7
Calculate 87 + -112 - (0 + -12) - 12.
-25
What is the value of (3 - (-4 + 10)) + -3 + 4 + -8?
-10
What is the value of -24 + (-17 + 5 - -30)?
-6
What is the value of -19 - ((-22 + -1 + 9 - 2) + 8)?
-11
Evaluate 5 + (-16 - -41) + -43.
-13
Evaluate 9 - ((0 - -21) + (25 - 1